(37)?
2
Let b be -2*((-3 - -1) + 3). Let d(a) = -8*a - 2. Let l be d(b). What is the units digit of ((-3)/2)/((-3)/l)?
7
Suppose -82*n + 75*n + 12768 = 0. What is the hundreds digit of n?
8
What is the hundreds digit of ((-360)/32)/(5/(-300))?
6
Suppose 0 = -12*l + 25*l - 8879. What is the tens digit of l?
8
Let h = -49 + 86. Let k be 4/(-10) - 1530/50. Let t = h + k. What is the units digit of t?
6
Let r be 36/(-270) - 1202/(-15). Let y = 100 - r. What is the units digit of y?
0
Suppose -4*k + 3*s = -1932, -2*k - 3*k = 4*s - 2384. What is the hundreds digit of k?
4
Let c(p) = p**3 + p**2 - 6*p - 3. Let v be c(-2). Suppose -3*w + 2*l + 2*l = -175, v*l + 5 = 0. What is the tens digit of w?
5
Let a(q) = 6*q**2 - q - 1. Suppose -4*h + 2*h = 28. Let y = h + 12. What is the tens digit of a(y)?
2
What is the units digit of (1 + 0)/(0 + 6/4386)?
1
Suppose -3*w + 2 = -2*w, -6 = -2*q - w. Suppose q*k - 5 = 9. What is the units digit of k?
7
Let g be 5605/20 - (-1)/(-4). Suppose -g = -o - 4*o. What is the tens digit of o?
5
Let v be (-2)/(-6) + 11/3. Suppose 0 = -o + 2, o + 6 = 2*t - 0*o. Suppose t*i - b = v*b + 93, -4*i = -b - 89. What is the units digit of i?
2
What is the hundreds digit of -1 + 3 + (-2508)/(4 - 5)?
5
Let o = 63 + 67. Suppose -6*a + 7*a = -2*x + 256, o = x + a. What is the hundreds digit of x?
1
Suppose a - 315 = -83. What is the units digit of a?
2
Let r(f) be the first derivative of -3*f**2/2 + 134*f - 17. What is the units digit of r(0)?
4
Let c = 322 + -451. Let l = 183 + c. Suppose -l = -4*n + 18. What is the tens digit of n?
1
Let v(s) be the third derivative of s**5/20 + s**4/6 - 7*s**3/6 - 40*s**2. What is the units digit of v(2)?
3
Let r(a) = 2*a**3 - a**2 + 10*a - 14. Let s = 21 + -17. What is the hundreds digit of r(s)?
1
Let o(u) = -u**3 + 6*u**2 - 6*u + 3. Suppose 0 = 4*t - 3*t + 5. Let k = t - -9. What is the tens digit of o(k)?
1
Suppose -4*o - 184 = -4*r, -2*r + 128 = -4*o - 52. Let f = o - -75. What is the tens digit of f?
3
Let c be 13/3 - (-12)/18. Suppose s = -1, -2*s + 178 = c*g - 0*s. What is the units digit of g?
6
Suppose 0 = -4*w - 51 - 1. Let v = 4 + w. Let z = 29 + v. What is the tens digit of z?
2
Let s be 1/3 - 2/6. Suppose -4*i + 32 = 4*y, y = 3*i - s*y - 4. Suppose g + 5*j - 111 = -i*g, 0 = -4*g - j + 99. What is the tens digit of g?
2
Let b = 227 - 389. Let p = 233 + b. What is the tens digit of p?
7
Suppose -2*s + 44 = -4*d + 10, -2*s + 38 = -3*d. Suppose -2 = 3*y + 3*p - 5, 5*p = -s. Suppose a - 30 = -y. What is the tens digit of a?
2
Let w(z) be the first derivative of -3/2*z**2 - 9*z - 6. What is the tens digit of w(-17)?
4
Suppose -h - 5*n + 41 = 0, 4*n - 58 = -h - h. Let q = -24 + 14. Let f = h + q. What is the tens digit of f?
1
Let g(p) = -2*p**2 - 26*p + 15. What is the units digit of g(-12)?
9
Suppose -3*g - 4*c - 49 = -12, 19 = -g + 2*c. What is the units digit of 4/(-20) + (-333)/g?
2
Let m = 41 + -39. Suppose -m*j = -j + 2*b - 69, 0 = 4*j - b - 312. What is the units digit of j?
7
Let q = 2525 + 220. What is the units digit of q?
5
Suppose -3*r = -12*c + 10*c + 150, 0 = 5*c + 3*r - 396. Let z = -81 - -194. Let s = z - c. What is the tens digit of s?
3
Suppose 4*s = -2*t + 38 - 6, -2*s + t + 16 = 0. Let i(x) = -x**2 + 7*x - 4. Let p be i(s). Let l = 34 + p. What is the tens digit of l?
2
Let p = -71 - -78. Let d(r) = 2*r**2 - 11*r - 1. What is the tens digit of d(p)?
2
Suppose 0 = -3*m, -l + 5*m - 3 = -5. Suppose -11 = o - 3*o + z, o = l*z + 10. Suppose 4*x - x - 3*n = 117, -n = o*x - 151. What is the tens digit of x?
3
Suppose 5*s + 5*b - 236 = 14, 5*s = b + 232. Let q = s + -33. What is the units digit of (-4)/q + (-410)/(-14)?
9
Let j(a) = -88*a - 1. Let t be j(-2). Let d be 2/12 + (-12)/72. Suppose d*b - t = -5*b. What is the tens digit of b?
3
Suppose 3*b + 40 = -2*m, -5*b - 4*m - 67 = 3. Let f = b - -16. What is the tens digit of 1/2*f - -29?
3
Suppose 3*t - a = 4*a - 9, t = 5*a - 13. Suppose -4*p = 5*l - 6*p - 338, t*p = -5*l + 322. What is the tens digit of l?
6
Let k(x) = -6*x**2 - 16*x - 57. Let t be k(-4). Let u be -168 - 2/(-4 - -2). Let d = t - u. What is the tens digit of d?
7
Suppose -v - 2 = -2*v. Suppose 4*z = 0, -d = 4*d + v*z. Suppose -5*y - t = -d*y - 169, -4*y + t = -128. What is the tens digit of y?
3
Let z = 1557 - 754. What is the hundreds digit of z?
8
Let d = 34 - -805. What is the tens digit of d?
3
Let c = 10 + 20. What is the tens digit of 6/c + (238/10 - 2)?
2
Suppose 6*p + 3276 = 32*p. What is the hundreds digit of p?
1
Suppose 12*m + 3475 = 9211. What is the units digit of m?
8
Let b(s) = -669*s - 9. What is the tens digit of b(-1)?
6
Let w(d) = 7*d**2 + 1. Let z be (1 - 0) + 0 - -3. What is the hundreds digit of w(z)?
1
Let n(r) = -3*r - 28. Let u be n(-6). What is the units digit of (-770)/(-14)*(-34)/u?
7
Suppose 3998 = 3*o - 5*l, l + 4*l = -2*o + 2682. What is the units digit of o?
6
Suppose 17*n - 12*n = -915. What is the units digit of ((-15)/(-45))/((-1)/n)?
1
Let b = -2977 + 4443. What is the tens digit of b?
6
Let d(l) = -1195*l - 35. What is the hundreds digit of d(-1)?
1
Let k = 2508 - 1288. What is the units digit of k?
0
What is the thousands digit of (-1)/3*(-24)/2 + 1369?
1
Let o(m) = -m**3 - 5*m**2 - m - 5. Let t be o(-5). Suppose t*v + 3*v - 192 = 0. What is the tens digit of v?
6
What is the units digit of (1 - 42/15)*15145/(-39)?
9
Suppose -16*w = -13*w - 4071. What is the units digit of w?
7
Suppose -6*p + 2*p = 1776. Let v = p - -649. What is the units digit of v?
5
What is the hundreds digit of 2702/16 - 54/(-432)?
1
Let v = 319 - 178. What is the tens digit of v?
4
Suppose 65*a = 64*a + 11. Let s(b) = -b**3 + 9*b**2 + 21*b + 23. What is the tens digit of s(a)?
1
Let k(g) be the third derivative of g**5/60 + g**4/4 + g**3/3 + 6*g**2. What is the tens digit of k(-11)?
5
What is the units digit of 5 - (10 - 4) - 3432/(-4)?
7
Let r be 52/4 + 1 + -2. What is the hundreds digit of 20/(-15)*(-954)/r?
1
Suppose 1 = -p - n - 2*n, 3*p - 13 = -n. What is the tens digit of 25/(-10)*(-38)/p?
1
Suppose 5 = -5*r + 26*k - 21*k, -5*r + 35 = 3*k. Let y(x) = -2*x. Let c be y(-1). Suppose -4*z + 9 = -5*n, 0*z = r*z + 2*n - c. What is the units digit of z?
1
Let x = -132 + 27. Let p = -52 - x. What is the units digit of p?
3
Suppose 18*d = h + 13*d - 1428, -6*d = 5*h - 7202. What is the hundreds digit of h?
4
Let y = -21 - -512. What is the tens digit of y?
9
Suppose 138*b + 52500 = 166*b. What is the units digit of b?
5
Let u = -6 - -6. Suppose u = -14*z + 8*z + 354. What is the tens digit of z?
5
Let h be (-24)/(-60) + 52/(-5). What is the hundreds digit of 293 + (8/h)/((-8)/20)?
2
Let t = 28 - 19. Let f = -709 + 718. What is the units digit of t + f + (0 - 0)?
8
Let d(k) = -15*k + 1. Let c be d(2). Suppose 27 + 277 = -4*h. Let a = c - h. What is the units digit of a?
7
Suppose -10 = -4*u + 2. What is the units digit of u?
3
Let m be 16/((10/(-6))/(-5)). Suppose -m = -5*r - 3*r. What is the units digit of (1 + r)*36/12?
1
Suppose 6 = 3*k + 3*d, -k - 4*d = -9*d - 8. Suppose -276 = -k*g - 3*g. What is the tens digit of g?
4
Let a(o) be the second derivative of o**5/20 + 3*o**4/4 - o**3/6 + 15*o**2/2 - 19*o. What is the hundreds digit of a(-7)?
1
Let d(k) = -6*k + 14. Let j be d(2). Suppose 3*i - 3 = 0, -3*i = -j*a - i + 342. What is the tens digit of a?
7
Suppose -w = -4*u + 2122, -5*u - 5*w + 0*w + 2640 = 0. What is the tens digit of u?
3
Let d(z) = z**2 + 2*z - 12. Let y be d(-5). What is the tens digit of (-346)/(-6) + (-32)/12 + y?
5
What is the units digit of (-24294)/(-120)*24 - 4/5?
8
Let b be (-2 - (-21)/12) + 2/8. Suppose 0*v = -3*v - 4*x + 231, 4*v - 2*x - 330 = b. What is the tens digit of v?
8
Let s(k) be the second derivative of 35*k**4/12 - k**3/3 - 8*k. Let j be s(-2). Suppose 3*q + j = 5*q. What is the tens digit of q?
7
Let c(i) = 213*i - 595. What is the thousands digit of c(26)?
4
What is the tens digit of ((0 - 9)*(-38196)/108)/1?
8
Suppose -19*b + 17*b + 802 = 0. What is the units digit of b?
1
Let w be (-104)/10 - (-2)/5. Let v(q) = -17 - 3*q + 0 + 0*q + 4. What is the tens digit of v(w)?
1
Let g be 3/1*(24 - 1). Suppose 4*m - 6*m = -86. Suppose -3*z - 3*q + g = 0, 7 + m = 2*z + 4*q. What is the units digit of z?
1
Suppose -4*z = -